 3122?
14
What is the greatest common factor of 65 and 325?
65
Calculate the greatest common factor of 2799 and 5287.
311
Calculate the highest common factor of 2196 and 915.
183
What is the greatest common factor of 60 and 4310?
10
Calculate the greatest common factor of 374 and 4301.
187
What is the greatest common divisor of 31 and 279?
31
What is the greatest common factor of 1584 and 33?
33
Calculate the greatest common divisor of 7625 and 61.
61
Calculate the greatest common divisor of 4571 and 7.
7
Calculate the highest common factor of 99 and 231.
33
What is the greatest common divisor of 64 and 284?
4
What is the greatest common factor of 5311 and 94?
47
Calculate the highest common factor of 2728 and 220.
44
Calculate the highest common factor of 2176 and 32.
32
Calculate the greatest common divisor of 8240 and 320.
80
What is the greatest common factor of 212 and 52?
4
Calculate the highest common factor of 48 and 36.
12
Calculate the highest common factor of 16256 and 762.
254
What is the greatest common divisor of 2240 and 192?
64
What is the greatest common divisor of 126 and 511?
7
Calculate the greatest common factor of 29 and 12731.
29
What is the highest common factor of 369 and 441?
9
What is the highest common divisor of 154 and 1001?
77
Calculate the greatest common factor of 35 and 140.
35
What is the greatest common factor of 154 and 3311?
77
Calculate the highest common factor of 5 and 3365.
5
Calculate the highest common factor of 224 and 84.
28
Calculate the greatest common divisor of 2912 and 140.
28
Calculate the highest common factor of 4 and 64.
4
Calculate the highest common divisor of 36 and 1332.
36
Calculate the highest common divisor of 196 and 28.
28
What is the highest common factor of 1049 and 1?
1
Calculate the greatest common factor of 10 and 530.
10
What is the greatest common factor of 198 and 1837?
11
Calculate the highest common divisor of 209 and 38.
19
What is the highest common factor of 23 and 4?
1
Calculate the highest common divisor of 165 and 33.
33
What is the highest common factor of 28 and 483?
7
Calculate the greatest common divisor of 205 and 41.
41
What is the greatest common factor of 24 and 9?
3
Calculate the highest common factor of 99 and 6611.
11
What is the greatest common divisor of 9 and 31?
1
What is the highest common divisor of 58 and 1798?
58
Calculate the highest common factor of 97 and 485.
97
What is the greatest common divisor of 25 and 209?
1
Calculate the greatest common divisor of 5 and 10.
5
Calculate the highest common divisor of 31075 and 55.
55
What is the greatest common divisor of 60 and 3435?
15
Calculate the greatest common factor of 51 and 3723.
51
Calculate the highest common factor of 1 and 919.
1
What is the greatest common divisor of 127 and 54991?
127
What is the highest common factor of 38 and 893?
19
What is the highest common factor of 70 and 5660?
10
Calculate the highest common factor of 30 and 126.
6
Calculate the greatest common factor of 212 and 3710.
106
What is the highest common divisor of 2058 and 7?
7
What is the highest common factor of 360 and 72?
72
What is the highest common factor of 124 and 2263?
31
What is the greatest common factor of 21 and 231?
21
What is the highest common divisor of 81 and 45?
9
Calculate the greatest common divisor of 35 and 77.
7
What is the highest common divisor of 13034 and 28?
14
What is the highest common divisor of 11760 and 42?
42
Calculate the highest common divisor of 152 and 76.
76
Calculate the highest common divisor of 432 and 2916.
108
What is the greatest common divisor of 45 and 459?
9
What is the greatest common divisor of 17 and 4267?
17
Calculate the highest common factor of 31640 and 80.
40
What is the greatest common divisor of 792 and 22?
22
Calculate the highest common divisor of 60 and 8868.
12
What is the greatest common factor of 60 and 660?
60
What is the greatest common divisor of 84 and 3962?
14
What is the highest common factor of 50 and 175?
25
Calculate the greatest common divisor of 5 and 35.
5
What is the greatest common factor of 3328 and 104?
104
Calculate the greatest common divisor of 38 and 1786.
38
What is the greatest common factor of 42 and 2422?
14
What is the highest common factor of 24 and 42?
6
What is the highest common divisor of 153 and 63?
9
What is the highest common factor of 8 and 136?
8
What is the greatest common factor of 1950 and 30810?
390
Calculate the greatest common divisor of 1026 and 54.
54
What is the greatest common factor of 62 and 2108?
62
Calculate the highest common factor of 18 and 144.
18
What is the highest common divisor of 1921 and 791?
113
What is the highest common factor of 190 and 2565?
95
Calculate the greatest common divisor of 32 and 16.
16
What is the highest common factor of 3611 and 23?
23
What is the highest common factor of 44 and 187?
11
What is the greatest common divisor of 6 and 54?
6
Calculate the highest common divisor of 91 and 22022.
91
Calculate the highest common factor of 1216 and 432.
16
What is the highest common divisor of 306 and 18?
18
Calculate the greatest common divisor of 111 and 740.
37
Calculate the highest common factor of 96 and 2.
2
Calculate the greatest common divisor of 928 and 58.
58
What is the greatest common factor of 240 and 276?
12
Calculate the highest common divisor of 42 and 651.
21
What is the highest common factor of 2184 and 63?
21
What is the greatest common factor of 7212 and 36?
12
What is the highest common factor of 52 and 13156?
52
What is the greatest common factor of 59 and 5723?
59
What is the greatest common divisor of 30 and 165?
15
What is the highest common factor of 24 and 120?
24
Calculate the greatest common factor of 741 and 6.
3
Calculate the greatest common factor of 9 and 9.
9
Calculate the highest common divisor of 932 and 5359.
233
Calculate the greatest common divisor of 220 and 154.
22
What is the greatest common factor of 9 and 2268?
9
Calculate the greatest common divisor of 374 and 66.
22
Calculate the greatest common divisor of 88 and 99.
11
What is the greatest common divisor of 6235 and 86?
43
What is the highest common factor of 747 and 189?
9
Calculate the highest common divisor of 15 and 190.
5
What is the highest common divisor of 8 and 344?
8
Calculate the greatest common divisor of 66 and 1974.
6
What is the highest common factor of 196 and 7?
7
Calculate the highest common factor of 2758 and 8.
2
Calculate the highest common divisor of 48 and 200.
8
What is the highest common factor of 154 and 176?
22
What is the greatest common factor of 62 and 5921?
31
Calculate the highest common factor of 18 and 1032.
6
What is the highest common factor of 24115 and 1113?
371
Calculate the greatest common factor of 12663 and 189.
189
Calculate the greatest common divisor of 36 and 5409.
9
What is the highest common factor of 8906 and 292?
146
Calculate the greatest common factor of 81 and 729.
81
What is the highest common divisor of 2 and 3?
1
What is the greatest common factor of 266 and 70?
14
Calculate the greatest common divisor of 780 and 6.
6
What is the highest common factor of 1083 and 456?
57
What is the greatest common divisor of 899 and 31?
31
Calculate the highest common divisor of 9 and 4761.
9
What is the greatest common factor of 4 and 349?
1
What is the greatest common factor of 49 and 14?
7
What is the greatest common divisor of 40 and 648?
8
What is the greatest common factor of 2044 and 28?
28
What is the greatest common factor of 2497 and 1816?
227
What is the highest common divisor of 59 and 649?
59
What is the greatest common divisor of 112 and 84?
28
Calculate the highest common divisor of 198 and 66.
66
Calculate the greatest common divisor of 20 and 110.
10
Calculate the greatest common divisor of 33475 and 103.
103
What is the greatest common factor of 245 and 63?
7
Calculate the greatest common factor of 15444 and 156.
156
What is the greatest common factor of 1880 and 10?
10
Calculate the highest common factor of 123 and 63.
3
What is the highest common factor of 970 and 60?
10
Calculate the greatest common divisor of 119 and 5117.
119
What is the greatest common divisor of 12 and 276?
12
Calculate the highest common factor of 40 an